17
Let v(u) = 10*u**2 - 1. Let j = 277 - 273. Suppose -7*k + 2*k + 6 = j*g, -6 = -k - 2*g. Give v(k).
39
Suppose -107*z - 40 = 67. Let o(i) = -72*i - 2. What is o(z)?
70
Let z(n) = -2*n - 1. Let f(a) = -a**2 + 3*a + 11. Let q be f(5). Let k be q/1*(-45)/(-3). Let l(j) = j - 13. Let u be l(k). What is z(u)?
-5
Let v(m) = -m**2 + 26*m - 53. Let p be ((-782)/(-136))/(2/8). Give v(p).
16
Let v(q) = -921 + 2821 - 12*q - 1105 - 1058. Determine v(-21).
-11
Let u(a) = 13*a - 77 - 51 - 60 + 227. Determine u(0).
39
Let l(p) = -p**2 - 7*p + 4. Let m be 30/10*(-674)/(-6). Suppose -m*d = -339*d - 14. What is l(d)?
4
Let c(o) = -813304*o - 2 - 14 + 813309*o - 13*o**3 + 9*o**2 + 12*o**3. What is c(9)?
29
Let u(w) = 4*w**3 - 4*w**3 + w**3. Suppose -36*x + 34*x = 6. Let b(t) = t**3 - t**2 + t + 1. Let r(g) = x*b(g) + 4*u(g). Determine r(-2).
7
Let c = 3 - -1. Let h be -1*9/21 - (-672)/196. Let y(r) = 7*r**2 + 2*r**h + 0*r - 2 - c*r**2 + r. Give y(-2).
-8
Let l(q) be the first derivative of 1/2*q**2 + 93 - 3*q. Give l(-4).
-7
Suppose -37*h - 338 = -33 - 46. Let p(c) = 2*c**3 + 15*c**2 + 5*c - 15. Calculate p(h).
-1
Let w(t) = 0*t**3 - 6 - 12*t + t**3 - 5770*t**2 - 32 + 5799*t**2 + 4*t**3. Give w(-6).
-2
Let i(f) = -f**2 + 4*f**2 - 2*f - 3 - 4*f**2. Suppose 482*w - 489*w = -14. Suppose 990*g = 989*g - w. Give i(g).
-3
Let i(c) = -11*c**2 - 39*c + 21. Let j(d) = 5*d**2 + 19*d - 10. Let k(l) = 6*i(l) + 13*j(l). Suppose 651*s - 42 = 648*s - 2*g, -3*g - 15 = -2*s. What is k(s)?
8
Let w(z) = z + 8. Let c = 132 - 240. Let a = 107 + c. Let n(t) = -1. Let p(i) = a*w(i) - 4*n(i). Determine p(0).
-4
Let f(b) = 3*b**2 - 44*b + 29. Let z(c) = 6*c**2 - 88*c + 56. Let u(p) = -9*f(p) + 4*z(p). Calculate u(14).
-9
Suppose -4*b + 5*y = -15, -4*b + 6*b = 4*y + 12. Let u(t) = 6*t + 2. What is u(b)?
2
Let d(b) = 523*b**2 - 12000 - 620*b**2 - 2*b + 12002. Determine d(1).
-97
Let s(o) be the first derivative of -o**4/4 - 5*o**3/3 - 3*o**2/2 - 4*o + 2. Let m = 450 + -217. Let n = m - 237. Determine s(n).
-8
Let y = 8211 - 8210. Let u(h) = 34*h**3 - h. Calculate u(y).
33
Let m(t) be the third derivative of t**5/20 + t**4/24 - t**3/3 + 8*t**2. Let v be -5*((-60)/(-8) + 2/(-4)). Let b be ((-4)/6)/(v/(-15) - 2). Give m(b).
8
Let y(p) = -6*p**2 + 4*p + 30. Let n(l) = l**2 - l - 6. Let j(c) = -5*n(c) - y(c). Let t be 2/(-1 - 2/(-6)). Calculate j(t).
6
Let w be 4/10 - (-33)/5. Let s(d) = 10*d + 67. Let h be s(7). Let u(j) = -142*j + 278*j + 3 - h*j. Give u(w).
-4
Suppose 5*g + 22 = -8. Let r(z) = -5*z**2 + 1225*z + 10. Let d(q) = 3*q**2 - 766*q - 7. Let c(x) = -8*d(x) - 5*r(x). What is c(g)?
24
Let a(w) be the second derivative of -1/6*w**3 + 0 - 16*w + 0*w**2 + 3/5*w**5 + 0*w**4. Let h(x) = -2*x**3 - 7*x**2 + 4*x - 1. Let t be h(-4). What is a(t)?
-11
Let i(o) = -2*o**2 - 5*o. Let g = 128 - 121. Suppose 1 = h - d + g, 0 = -5*h - d - 18. Calculate i(h).
-12
Let t(p) = p**2. Let x(n) = -n**3 + 7*n**2 - 4*n - 5. Let a(o) = -2*t(o) + x(o). Let z(r) = -2*r + 2. Let u be z(-5). Suppose -s - u = -4*s. Determine a(s).
-5
Let c(u) = 0*u - u + 4 - 1 + 2*u. Let o = -66 - -66. Suppose -2*z + 29 = -5*x, o*x + 2*z = -4*x - 16. Give c(x).
-2
Suppose 0 = 226*n - 231*n - 5*w + 15, 51 = -4*n + 3*w. Let p(y) = -5*y - 3*y + 5 + 4*y - y**2. Determine p(n).
-7
Let g = 3 + -9. Let k(t) be the third derivative of -t**6/120 - t**5/10 + t**4/6 + 3*t**3/2 - 2*t**2 - 4244. Give k(g).
-15
Suppose -q - 21 = -c, 14 + 77 = -5*q - 2*c. Let p(l) = -l**2 - 23*l - 21. Determine p(q).
55
Suppose 16 = -3*g + g. Let c be 21*(g/3 - -3). Let d(o) = o**3 - 8*o**2 + 7*o - 14. Let m(t) = 3. Let u(k) = d(k) + 6*m(k). Give u(c).
4
Let c(o) = 7*o + 1. Let k be ((-4)/12)/(30/(-27) - -1). Suppose 0*m + 5*m + 26 = i, k*m = 4*i - 19. Let p be i/2 + (-3)/2. What is c(p)?
-6
Let o be ((-12194)/(-3484))/((-7)/(-2)). Let k(d) = 28*d**2 - 3 + 7*d**2 + 2 + 2*d. Determine k(o).
36
Let p(f) = 279*f**3 - 4*f**2 + 23*f - 46. Let a(i) = 139*i**3 - 2*i**2 + 10*i - 19. Let r(x) = 5*a(x) - 2*p(x). Calculate r(1).
136
Suppose z - 16 = 5*z. Let r(p) = 62*p + 1. Let k(l) = l**2 - 92*l - 3. Let d(a) = -2*k(a) - 3*r(a). What is d(z)?
-21
Let x(g) be the first derivative of g**4/2 - 110*g**3/3 - g**2 + 115*g - 9459. What is x(55)?
5
Let t = -440 - -445. Let s be t/2 - 10/(-160)*-8. Let n(v) be the first derivative of 4*v**3/3 - 3*v**2/2 + v + 3. Calculate n(s).
11
Let b(y) = 23*y - 1. Let l be (-5)/(-2 - 18) + 2955/(-12). Let w = -245 - l. Calculate b(w).
22
Let s = 12 - 4. Let m(r) be the second derivative of -r**5/20 + 3*r**4/4 - 5*r**3/3 + 5*r**2/2 + 3524*r. Give m(s).
-11
Suppose 4 = -4*r, -5*r + 0 = d + 12. Let x(j) = 710*j - 713*j + 162 - 168. Determine x(d).
15
Let o(w) = 13*w + 90. Let g be 190/(-57)*1*9/5. Calculate o(g).
12
Let a(v) be the first derivative of v**6/120 - v**5/30 - v**4/4 + v**3/3 - 39*v**2/2 + 31. Let l(b) be the second derivative of a(b). Determine l(4).
10
Let f(j) = j**3 - 9*j**2 + 9*j - 7. Suppose 4*v + 360 = -3*l + 2*v, 5*l + 613 = v. Let u = 2423 - 2553. Let z = l - u. Give f(z).
1
Let c(r) = -r**3 + r**2 - r + 2. Let g(w) = -10*w**3 + 2*w**2 - 10*w + 43. Let h(b) = -9*c(b) + g(b). What is h(-6)?
-5
Let c be ((-12)/42)/((-1)/14). Suppose c*a - 24 = -4*y, -3*y = -3*a + a + 27. Let h(j) = -j**3 + 9*j**2 - 11. What is h(a)?
-11
Suppose 0 = 4*a - z + 5, -5*z + 3 = -22. Suppose 4*p = 2*p + 12. Let s(h) = 3 - 10 + a*h + h + p. Calculate s(2).
1
Let u(m) = 10*m - 1. Let j(i) = -3*i - 9. Let g(z) = -2*z - 4. Let s(q) = -5*g(q) + 3*j(q). Let o be s(3). Let w be o + -1 + -14 + 18. What is u(w)?
-11
Let u be 2/(-4) + (4/(-12))/((-12)/(-234)). Let g(s) = s**3 + 8*s**2 + 8*s + 26. Give g(u).
19
Let a(y) = -3*y**3 + 3*y**2 + y - 2. Suppose -33*q - 5*b = -36*q - 13, 3*q + 2*b - 22 = 0. Suppose -3*s = -s - q. Give a(s).
-12
Let v(s) = 18 + 3*s**2 + 6*s - s**3 - 42 + 21. Suppose -4*z = -0*z - 12. Let g = z + 1. Give v(g).
5
Let a(i) = 6*i - 2. Let f be (-6)/16 + (-2236)/(-416). Suppose -8*n - 5*m + 21 = -10*n, f*n + 3*m + 6 = 0. Calculate a(n).
-20
Let i = 20178 + -20174. Let r(h) = -14*h + 19. Determine r(i).
-37
Let l be ((-2)/(-2))/((-1)/7). Let p(v) = -v**3 - 10*v**2 - v - 1. Determine p(l).
-141
Let x(d) = 9*d - 1. Let y = -2 - -4. Suppose -9*s = -y*s + 357. Let k = s + 52. What is x(k)?
8
Let s(z) = 9*z - 356. Let q(h) = -9*h + 412. Let l(c) = -5*q(c) - 6*s(c). Calculate l(9).
-5
Suppose -1 = v - z, -11 = -4*v - 0*z + z. Let n(d) = d + 6*d**2 - v*d**3 - 7*d**2 + 13 + 5*d**3. Give n(0).
13
Suppose 3*v + 60 = 33*v. Let z(j) = -4*j**3 + 4*j**2 + j + 3. Let m(w) = -5*w**3 + 5*w**2 + w + 4. Let b(y) = -2*m(y) + 3*z(y). Give b(v).
-5
Let g(r) = -3*r + 3. Let u be 32 - (0/1)/5. Suppose 3*k - 11 = -5*w, 4*w + w = 4*k + u. Give g(w).
-9
Let d(y) = -4*y + 15. Suppose 3*n = 2*n - 4*t - 2, 5 = 5*t. Calculate d(n).
39
Let w(f) = 4*f + 9. Let k(r) = 11*r + 27. Let u(t) = -k(t) + 3*w(t). Let a(p) = p**2 + 5*p + 6. Let y be a(-4). Suppose -2*i + y = -6. What is u(i)?
4
Suppose -27*p + 13177 = -6020. Suppose -6*h + p = 735. Let u(y) = y**3 + 3*y**2 + 2*y + 5. Calculate u(h).
-19
Let k(n) = -4*n - 3. Let l(s) = s + 8. Let f = -65 - -69. Suppose 4*q - 4*y = -24, f*y - 1 - 3 = 2*q. Let d be l(q). Give k(d).
5
Let a(p) = 9*p + 3. Let k(i) = -i - 2. Let x be 4 - ((-68)/51)/((-2)/3). Let z(f) = x*a(f) + 14*k(f). Determine z(6).
2
Let v(b) be the first derivative of b**3/3 + 2*b**2 - 16*b + 3909. Calculate v(-5).
-11
Let g be (-5)/(-10) + (-46)/(-4). Suppose g = 4*o - 4. Let t(h) be the third derivative of -h**4/12 + h**3 + 36*h**2. Give t(o).
-2
Suppose 2*h = -19 + 9. Let q(t) be the first derivative of -t**3/3 - 7*t**2/2 + 2*t + 308. Give q(h).
12
Let c(a) = 0*a + 29 + 17 + 14 - 2*a - 43. What is c(15)?
-13
Let x(a) = -6704 - 6693 - a - 6702 + 20116. Determine x(11).
6
Let q(n) = 2*n**3 + 12*n**2 - 6. Let k(o) = 8*o + 318. Let a(x) = 5*x + 319. Let h(m) = 5*a(m) - 4*k(m). Let f be h(47). Give q(f).
-6
Let z(k) = -24*k + 4. Let t(x) = -9*x + 1. Let c(v) = 22*t(v) - 8*z(v). Give c(-3).
8
Let j(n) = -869*n - 3 + 7 - n**2 + 878*n + 2*n**2. What is j(-9)?
4
Let u(l) = -l**3 + 6*l**2 - 5*l + 7. Suppose -x + 19 = 5*h, -30 = -32*x + 37*x. What is u(h)?
7
Let x(d) = -11*d + 3. Let y be 10/(-4)*(-34)/5*-8. Let m = 133 + y. Calculate x(m).
36
Let l(a) = -a**2 + a - 2